= -m, p - 2*m = -p + 18. Calculate the remainder when a is divided by p.
11
Calculate the remainder when 40 is divided by 4560/255 - ((-4)/34)/1.
4
Suppose -5*c + 20 = -c, 0 = 2*n - c - 143. What is the remainder when n is divided by 15?
14
Suppose -5*s - 3*g + 46 = -g, 0 = -5*g - 10. Let t(j) = -j**3 - 10*j**2 - 5*j + 4. Let x be t(-9). Let u = -4 - x. What is the remainder when u is divided by s?
8
Calculate the remainder when 31 is divided by 151/9 + 7*(-10)/(-315).
14
Let p = 51 + -23. Suppose 4*l + 195 - 33 = 2*a, -3*a + 219 = 2*l. Suppose -4*r + a = 15. What is the remainder when p is divided by r?
13
Let m be (-3 - (-22)/6)*141. Let r = -64 + m. What is the remainder when r is divided by 8?
6
Suppose 0 = -0*w + 12*w - 216. What is the remainder when 28 is divided by w?
10
Let t be 1 + 0 + 1 + -8. What is the remainder when (-2)/t + 77/3 is divided by 9?
8
Suppose 0 = -p - x + 6, -p - 4*p = -5*x. Let s = p - -19. What is the remainder when s is divided by 8?
6
Suppose -23*w = -19*w - 428. Calculate the remainder when w is divided by 22.
19
Let y(b) = 7*b + 9. Let t be y(10). Suppose d = k + 2*d - 21, -3*d = 4*k - t. Calculate the remainder when 30 is divided by k.
14
Let b(m) = -m + 43. Calculate the remainder when b(-23) is divided by 14.
10
Suppose -7 = 8*s - 39. What is the remainder when 21 is divided by s?
1
Let i be -2*(-1)/(-2) + 2. Suppose -i + 9 = 2*n. Calculate the remainder when n is divided by 2.
0
Let x(r) = 4*r - 8. Let t be 76/12 + (-1)/3. What is the remainder when 45 is divided by x(t)?
13
What is the remainder when 63 is divided by 10 - -25 - (4 + -1)?
31
Let u = -25 + 31. Let o(d) = -d**3 - d**2 - 3. Calculate the remainder when o(-3) is divided by u.
3
Suppose -37 = -x + 4*l - 9*l, 0 = 3*x + 4*l - 133. Suppose o - 4*z - 288 = -3*o, -x = -o - 4*z. Calculate the remainder when o is divided by 23.
21
What is the remainder when 19 is divided by (-336)/(-36) - (-2)/3?
9
Suppose -2*v + 20 = 3*w, -v - v + 16 = 4*w. Suppose 5*z + 3*q - 309 = 0, -15 = 5*q - 10*q. Calculate the remainder when z is divided by v.
12
Let a be 0 - (3*2 - 2). Suppose -v + 4 = 3*v. What is the remainder when 3 is divided by (v*-2 - a)/1?
1
Calculate the remainder when 129 is divided by 0 + 5 + 22 + 6.
30
Let i be 6*(2/6 - 0). Suppose -n + 10 = 4*n, -i*p = 2*n - 24. Let k = p - 5. What is the remainder when 8 is divided by k?
3
Suppose -3*n + 95 - 15 = 5*y, 5*n = 2*y + 92. Suppose n = 3*l + 5, -g - l + 14 = 0. What is the remainder when 35 is divided by g?
8
Let h(f) = 2*f - 5. Let t be h(4). Let l be ((-1)/t)/(3/9). What is the remainder when l/1*(-22 + 2) is divided by 11?
9
Let f = 1 - -5. Calculate the remainder when 14 is divided by f.
2
Let i be (-5)/(-4)*(-12)/(-3). Suppose k - 3*u = -3*k + 148, 0 = -i*k - 3*u + 158. What is the remainder when k is divided by 12?
10
Calculate the remainder when 37 is divided by (-2)/(-3) - 330/(-18).
18
Let j = 56 + -29. Calculate the remainder when 49 is divided by j.
22
Let j(i) = i**2 + 4*i. Calculate the remainder when 14 is divided by j(-5).
4
Suppose 0*k + 77 = 5*y - k, -39 = -3*y - 3*k. What is the remainder when 28 is divided by y?
13
Let u(d) = -5*d - 6. Suppose -2*t + 39 = -5*t. What is the remainder when u(t) is divided by 20?
19
Suppose 15*k - 18*k + 33 = 0. Calculate the remainder when 49 is divided by k.
5
Suppose -k + 200 = 2*m, 2*m + 2*k = 287 - 91. Let r = -28 - -33. Suppose m = r*y + 22. What is the remainder when 31 is divided by y?
15
What is the remainder when (4 + -1)/((-500)/84 - -6) is divided by 16?
15
Suppose 3*v + 3 = 2*v + 5*g, -47 = -3*v + g. Let h be v/(-1 + 1 - -1). Let s = h + -7. Calculate the remainder when 29 is divided by s.
9
Let g(z) = -z**2 + 3*z - 4. Let n be g(4). Calculate the remainder when 1*-3 + (26 - 9) is divided by 2/((-18)/n + -2).
6
Let j(q) = q**2 + 8*q + 19. Calculate the remainder when 72 is divided by j(-8).
15
Suppose 0 = 11*s - 8*s. Suppose s = -7*p + 2*p + 255. What is the remainder when p is divided by 27?
24
Suppose h - 2*h - 61 = 0. Let q = -35 - h. What is the remainder when q is divided by (-6)/(-12)*(27 - -1)?
12
Let p(f) = f**3 + f**2 - f + 13. Suppose 3*l = -2*l. Suppose 0*w = 2*w - 48. Calculate the remainder when w is divided by p(l).
11
What is the remainder when 54 is divided by (377/52)/(2/8)?
25
Suppose -4*w - 24 = -4*m, 0*w = 5*m + 2*w - 9. Let a be 17/m - (-2)/(-3). Suppose -4*s + 13 = a. Calculate the remainder when 5 is divided by s.
1
Suppose 0 = -3*l + 8*l + 410. Let b = -59 - l. Calculate the remainder when b is divided by 12.
11
Suppose -5*z = -3*z - 62. Suppose -z = -4*t + 81. What is the remainder when t is divided by 15?
13
Suppose 4*b = 2*b + 4*a + 56, -a = -4*b + 91. Calculate the remainder when b is divided by 16/(-3)*9/(-6).
6
Suppose 0 = -0*k + 2*k + 40. Let s = -25 - -13. Let p = s - k. What is the remainder when 21 is divided by p?
5
Suppose 5*a - 2*r - 217 = 0, -3*r + 4*r = 5*a - 221. What is the remainder when a is divided by (-324)/(-20) - 2/10?
13
Suppose 8 = -2*u + 4*u. Suppose -u*z = -11 + 35. Let i(y) = -y**3 - 4*y**2 + 5*y - 2. What is the remainder when i(z) is divided by 14?
12
Let z(o) = -o**2 - 8*o + 12. Let f be z(-9). Suppose -5*a + 178 = -3*k + f, 2*a - 70 = -k. Calculate the remainder when a is divided by 9.
8
Let d = -54 + 97. Let b(g) = 11*g - 1. Let j be b(3). Let q = 47 - j. Calculate the remainder when d is divided by q.
13
Let t = 11 - 12. Let a(i) = -18*i**3 + 1. Calculate the remainder when a(t) is divided by 10.
9
Let d = -12 + 6. Let k(v) = v**3 + 5*v**2 - 7*v + 8. What is the remainder when 25 is divided by k(d)?
11
Let t(v) = v**2 - 7*v - 9. Let s be t(8). What is the remainder when 9 is divided by ((-2)/(-6))/(s/(-18))?
3
Let t = 64 - 62. What is the remainder when t is divided by 1?
0
Let d be (6/3)/2*-2. Let b(p) = 4*p**2 - 11*p - 6. Let v(j) = 2*j**2 - 6*j - 3. Let c(h) = 4*b(h) - 7*v(h). What is the remainder when 17 is divided by c(d)?
8
Let l = 6 - 2. Suppose 0 = t - 3*u - 3, -3*t + 5*u - 3*u = -2. Suppose -7 = -h - t*h. Calculate the remainder when h is divided by l.
3
Let w = 2 + 2. Suppose 0 = w*f - f - 57. What is the remainder when f is divided by 7?
5
Calculate the remainder when 10*1 - (-36)/(-9) is divided by 2.
0
Let z = -2 + 14. Let y(k) = k**3 - k**2 + k + 69. Let b be y(0). What is the remainder when (-2)/(b/(-33) - -2) is divided by z?
10
Suppose -2*a = 5*a - 84. Calculate the remainder when 33 is divided by a.
9
Let g = 93 + -83. What is the remainder when g is divided by 4?
2
Let c(v) = v**2 + 9*v - 16. Suppose 5*o + 21 = -39. What is the remainder when c(o) is divided by 8?
4
Calculate the remainder when 59 is divided by (-4)/6 - (-141)/9.
14
Let k = -38 - -91. Calculate the remainder when k is divided by 15.
8
Suppose 9*g - 2*g = 91. What is the remainder when g is divided by 5?
3
Let b(k) = -37 + 9*k - 4*k**2 + 15*k**2 + k**3 + 41. Let x = 87 - 34. What is the remainder when x is divided by b(-10)?
11
Let f(x) = -x**3 + 7*x**2 + 7*x - 19. Let n = 82 - -5. Calculate the remainder when n is divided by f(7).
27
Suppose 0*u + 3*u = 63. What is the remainder when 62 is divided by u?
20
Let g(d) = 3*d**2 - 4*d. Let b be g(6). Suppose 2*q - b = -2*q + 4*y, 3*q - 79 = -5*y. Calculate the remainder when q is divided by 13.
10
Let c = -92 - -171. Suppose -3*o + 52 = -4*d, 13*o - 12*o - 26 = -3*d. Calculate the remainder when c is divided by o.
19
Suppose 4*s - 8 = 0, 0 = 3*o + o - 4*s - 36. What is the remainder when 39 is divided by o?
6
Suppose r - 10 = -8. What is the remainder when 41 is divided by (55 + -13)*1/r?
20
Let c(a) = a + 30. Calculate the remainder when 51 is divided by c(-11).
13
Let x(n) = -14*n + 3. What is the remainder when x(-4) is divided by 12?
11
Let j(g) = g + 2. Let a be -3 + 5 - (1 - 1). Let f be j(a). Suppose h = q + q + 6, -4*h + 28 = -f*q. Calculate the remainder when h is divided by 3.
2
Suppose -63 = q - 0*q. Let b = q + 88. Calculate the remainder when b is divided by 7.
4
Let o(c) = 20*c - 8. Calculate the remainder when o(3) is divided by 11.
8
Suppose 50 - 6 = 4*c. Suppose -c = -f + 58. Calculate the remainder when f is divided by -30*(-7)/14 - -3.
15
What is the remainder when 182/8 - 4/(-16) is divided by 5?
3
Let k(v) = v - 3. Let p be k(